{"id":820,"date":"2021-04-30T15:08:34","date_gmt":"2021-04-30T13:08:34","guid":{"rendered":"http:\/\/laurenceseghin.com\/?page_id=820"},"modified":"2021-04-30T15:12:46","modified_gmt":"2021-04-30T13:12:46","slug":"disclaimer","status":"publish","type":"page","link":"https:\/\/laurenceseghin.com\/index.php\/disclaimer\/","title":{"rendered":"Disclaimer"},"content":{"rendered":"<p>[et_pb_section fb_built=\u00a0\u00bb1&Prime; _builder_version=\u00a0\u00bb4.4.7&Prime;][et_pb_row _builder_version=\u00a0\u00bb4.4.7&Prime;][et_pb_column _builder_version=\u00a0\u00bb4.4.7&Prime; type=\u00a0\u00bb4_4&Prime;][et_pb_text _builder_version=\u00a0\u00bb4.4.7&Prime; hover_enabled=\u00a0\u00bb0&Prime;]<\/p>\n<p><span>\u00a0\u00a0\u00a0\u00a0\u00a0\u00a0\u00a0\u00a0\u00a0\u00a0\u00a0\u00a0\u00a0\u00a0\u00a0\u00a0\u00a0 \u00a0\u00a0\u00a0\u00a0\u00a0\u00a0\u00a0\u00a0\u00a0\u00a0\u00a0\u00a0\u00a0\u00a0\u00a0\u00a0\u00a0\u00a0\u00a0\u00a0\u00a0\u00a0\u00a0\u00a0\u00a0\u00a0\u00a0\u00a0\u00a0 <\/span><\/p>\n<h1>DISCLAIMER<\/h1>\n<h2>Notice l\u00e9gale<\/h2>\n<p>En acc\u00e9dant et en parcourant le site Internet de <span>Laurence Seghin <\/span>: <span><a href=\"https:\/\/www.................................be\/\">http:\/\/www.laurenceseghin.com<\/a><\/span>, le visiteur accepte, sans r\u00e9serve, la pr\u00e9sente notice l\u00e9gale. Cette notice peut \u00eatre modifi\u00e9e, \u00e0 tout moment, par simple publication sur le site Internet pr\u00e9cit\u00e9 d\u2019une nouvelle notice, et ce, sans n\u00e9cessit\u00e9 de faire parvenir une notification au visiteur du site Internet.<\/p>\n<p>La modification entre en vigueur \u00e0 la date de sa mise \u00e0 disposition sur le site Internet.<\/p>\n<p>En cas de litige, seul le droit belge sera applicable et seuls les tribunaux de l\u2019arrondissement judiciaire du si\u00e8ge social de Laurence Seghin seront comp\u00e9tents. Laurence Seghin\u00a0peut cependant d\u00e9cider de recourir \u00e0 la m\u00e9diation, en faisant intervenir un m\u00e9diateur agr\u00e9\u00e9 par la Commission f\u00e9d\u00e9rale de m\u00e9diation en vue de r\u00e9soudre le litige par cette voie.<\/p>\n<h2>Identification du propri\u00e9taire<\/h2>\n<p><span><a href=\"http:\/\/www.laurenceseghin.com\/\">http:\/\/www.laurenceseghin.com<\/a><\/span> est un site appartenant \u00e0 Laurence Seghin, dont le domicile et si\u00e8ge social est situ\u00e9 rue Adolphe Max 25 \u00e0 6032 Charleroi, enregistr\u00e9e aupr\u00e8s de la Banque-Carrefour des Entreprises sous le num\u00e9ro BE 0818 638 527, ci-apr\u00e8s \u00ab\u00a0Laurence Seghin \u00bb.<\/p>\n<p>Il est g\u00e9r\u00e9 par Laurence Seghin, propri\u00e9taire du site Internet.<\/p>\n<p><span><a href=\"http:\/\/www.laurenceseghin.com\/\">http:\/\/www.laurenceseghin.com<\/a><\/span> est une cr\u00e9ation de Colors of Life.<\/p>\n<p><span><a href=\"http:\/\/www.laurenceseghin.com\/\">http:\/\/www.laurenceseghin.com<\/a><\/span> est un site Internet pr\u00e9sentant ses activit\u00e9s de consultance en gestion du changement, et plus particuli\u00e8rement, formation en communication, coaching individuel et d\u2019\u00e9quipe, facilitation et animation, podcasting, conf\u00e9rences et spectacles d\u2019inspiration, etc.<\/p>\n<p>Laurence Seghin, dans le cadre du pr\u00e9sent site, est joignable par e-mail \u00e0 l\u2019adresse suivante\u00a0: <span><a href=\"mailto:contact@laurenceseghin.com\">contact@laurenceseghin.com<\/a><\/span>.<\/p>\n<p>Le pr\u00e9sent site est h\u00e9berg\u00e9 par la SAS OVH.<\/p>\n<h2>Objet du site<\/h2>\n<p>Le site Internet <span><a href=\"http:\/\/www.laurenceseghin.com\/\">http:\/\/www.laurenceseghin.com<\/a><\/span> a pour objet de <span>:<\/span><\/p>\n<ul>\n<li>pr\u00e9senter ses activit\u00e9s de consultante en gestion du changement en entreprise ;<\/li>\n<li>permettre la demande d\u2019information concernant l\u2019activit\u00e9 de Laurence Seghin\u00a0;<\/li>\n<li>prendre contact avec Laurence Seghin.<\/li>\n<\/ul>\n<h2>Contact<\/h2>\n<p>Les coordonn\u00e9es de contact sont les suivantes\u00a0: <span><a href=\"mailto:contact@laurenceseghin.com\">contact@laurenceseghin.com<\/a><\/span>.<\/p>\n<p>Le visiteur est invit\u00e9 \u00e0 faire usage de ces coordonn\u00e9es pour toute information au sujet du contenu du site Internet.<\/p>\n<h2>Donn\u00e9es \u00e0 caract\u00e8re personnel<\/h2>\n<p>Les donn\u00e9es \u00e0 caract\u00e8re personnel suivantes sont, le cas \u00e9ch\u00e9ant, conserv\u00e9es par Laurence Seghin\u00a0:<\/p>\n<ul>\n<li>donn\u00e9es d\u2019identit\u00e9\u00a0:\n<ul>\n<li>nom (et pr\u00e9nom)\u00a0;<\/li>\n<li>adresse postale\u00a0;<\/li>\n<li>num\u00e9ro de t\u00e9l\u00e9phone ;<\/li>\n<li>adresse e-mail\u00a0;<\/li>\n<\/ul>\n<\/li>\n<li>donn\u00e9es de facturation\u00a0:\n<ul>\n<li>num\u00e9ro de TVA et d\u2019entreprise\u00a0;<\/li>\n<li>compte bancaire\u00a0;<\/li>\n<li>raison sociale\u00a0;<\/li>\n<\/ul>\n<\/li>\n<li>langue d\u2019usage.<span style=\"font-size: 14px;\">\u00a0<\/span><\/li>\n<\/ul>\n<p>Ces donn\u00e9es sont conserv\u00e9es par Laurence Seghin, dans le respect de la loi du 30 juillet 2018 relative \u00e0 la protection des personnes physiques \u00e0 l\u2019\u00e9gard des traitements de donn\u00e9es \u00e0 caract\u00e8re personnel ainsi que par le R\u00e8glement (UE) 2016\/679 du Parlement europ\u00e9en et du Conseil du 27 avril 2016 relatif \u00e0 la protection des personnes physiques \u00e0 l&rsquo;\u00e9gard du traitement des donn\u00e9es \u00e0 caract\u00e8re personnel et \u00e0 la libre circulation de ces donn\u00e9es (\u00ab GDPR \u00bb). Le responsable de traitement est Laurence Seghin.<\/p>\n<p>Le visiteur b\u00e9n\u00e9ficie du droit de demander l\u2019acc\u00e8s \u00e0 ses donn\u00e9es personnelles, ainsi que de faire rectifier des donn\u00e9es personnelles inexactes, de s\u2019opposer le cas \u00e9ch\u00e9ant et pour des motifs l\u00e9gitimes au traitement de ces donn\u00e9es personnelles, de demander l\u2019effacement, une limitation du traitement ou la portabilit\u00e9 de ses donn\u00e9es personnelles, en envoyant un courrier \u00e9lectronique \u00e0 l\u2019adresse suivante : <span><a href=\"mailto:privacy@laurenceseghin.com\">privacy@laurenceseghin.com<\/a><\/span>ou par courrier adress\u00e9 \u00e0 Laurence Seghin, responsable du traitement, aux coordonn\u00e9es reprises ci-avant.<\/p>\n<p>Par la visite du site Internet, le visiteur accepte et comprend que Laurence Seghin\u00a0est en droit de stocker et traiter les donn\u00e9es personnelles pour les finalit\u00e9s suivantes\u00a0:<\/p>\n<ul>\n<li>r\u00e9pondre \u00e0 la demande d\u2019information faite par le formulaire de contact\u00a0;<\/li>\n<li>conclure un contrat entre le visiteur et Laurence Seghin\u00a0;<\/li>\n<li>informations ponctuelles quant \u00e0 l\u2019activit\u00e9 de <span>Laurence Seghin <\/span>;<\/li>\n<li>newsletter concernant l\u2019activit\u00e9 de Laurence Seghin.<\/li>\n<\/ul>\n<p>Les donn\u00e9es personnelles transmises ne sont, en aucun cas, communiqu\u00e9es \u00e0 des tiers tant \u00e0 des fins de marketing direct effectu\u00e9 par ceux-ci que pour tout autre motif.<\/p>\n<p>Afin d\u2019\u00e9viter tout acc\u00e8s non autoris\u00e9 aux donn\u00e9es \u00e0 caract\u00e8re personnel transmises par le visiteur, Laurence Seghin\u00a0respecte les principes g\u00e9n\u00e9raux de s\u00e9curit\u00e9 applicables aux sites Internet du type de <span><a href=\"http:\/\/www.laurenceseghin.com\/\">http:\/\/www.laurenceseghin.com\/<\/a><\/span>.<span style=\"font-size: 14px;\">\u00a0<\/span><\/p>\n<p>Laurence Seghin\u00a0peut divulguer \u00e0 des tiers des informations personnelles sur requ\u00eate de toute autorit\u00e9 l\u00e9galement autoris\u00e9e \u00e0 en faire la demande. Elle peut \u00e9galement les divulguer si cette transmission est requise, en toute bonne foi, pour se conformer aux lois et r\u00e8glements, pour prot\u00e9ger ou d\u00e9fendre ses droits ou ses biens, ceux du site Internet <span><a href=\"http:\/\/www.laurenceseghin.com\/\">http:\/\/www.laurenceseghin.com\/<\/a><\/span> ou ses utilisateurs ainsi que, dans des cas extr\u00eames, la s\u00e9curit\u00e9 de Laurence Seghin, propri\u00e9taire du site Internet, de ses repr\u00e9sentants permanents de personnes morales, de ses clients ou de <span><a href=\"http:\/\/www.laurenceseghin.com\/\">http:\/\/www.laurenceseghin.com\/<\/a><\/span>.<\/p>\n<h2>Droits intellectuels<\/h2>\n<p>Laurence Seghin\u00a0est propri\u00e9taire, soit elle-m\u00eame, soit par l\u2019interm\u00e9diaire de ses administrateurs et repr\u00e9sentants permanent de personnes morales, de tous les \u00e9l\u00e9ments constituant le site Internet <span><a href=\"http:\/\/www.laurenceseghin.com\/\">http:\/\/www.laurenceseghin.com\/<\/a><\/span>, soit, et sans \u00eatre exhaustif\u00a0: le nom de domaine, le site Interneten lui-m\u00eame et son contenu (textes, images graphiques, fichiers sonores, d\u2019animation, ou autres types de fichiers) \u00e0 l\u2019exception des \u00e9l\u00e9ments faisant express\u00e9ment r\u00e9f\u00e9rence \u00e0 un tiers (dont notamment, le cas \u00e9ch\u00e9ant, les liens vers des t\u00e9moignages ou reportages m\u00e9dias).<span style=\"font-size: 14px;\">\u00a0<\/span><\/p>\n<p>Laurence Seghin\u00a0n\u2019autorise en aucune fa\u00e7on le visiteur \u00e0 reproduire et communiquer les \u00e9l\u00e9ments pr\u00e9sents sur le site.<\/p>\n<p>Toute autre utilisation ou reproduction, tant temporaire que permanente, est soumise \u00e0 l\u2019autorisation pr\u00e9alable expresse et \u00e9crite de Laurence Seghin.<\/p>\n<p>Le cas \u00e9ch\u00e9ant, l\u2019information et\/ou la demande d\u2019utilisation ou de reproduction doit \u00eatre effectu\u00e9e par e-mail \u00e0 l\u2019adresse suivante\u00a0: <span><a href=\"mailto:contact@laurenceseghin.com\">contact@laurenceseghin.com<\/a><\/span>.<span style=\"font-size: 14px;\">\u00a0<\/span><\/p>\n<p><span><a href=\"http:\/\/www.laurenceseghin.com\/\">http:\/\/www.laurenceseghin.com<\/a><\/span> peut \u00e9galement contenir des \u00e9l\u00e9ments appartenant, en tout ou en partie, \u00e0 des tiers. L\u2019utilisation d\u2019\u00e9l\u00e9ments appartenant \u00e0 des tiers est soumise \u00e0 une demande pr\u00e9alable d\u2019utilisation aupr\u00e8s de Laurence Seghin\u00a0\u00e0 l\u2019adresse e-mail\u00a0<span><a href=\"mailto:contact@laurenceseghin.com\">contact@laurenceseghin.com<\/a><\/span>.<\/p>\n<p>Celle-ci transmettra ensuite la demande au tiers concern\u00e9 qui sera libre d\u2019accepter ou de refuser l\u2019utilisation ainsi que, le cas \u00e9ch\u00e9ant, demander le paiement de droits d\u2019auteur. Par ailleurs, en cas d\u2019utilisation par le visiteur, d\u2019\u00e9l\u00e9ments appartenant \u00e0 des tiers, Laurence Seghin ne sera en aucun cas responsable de l\u2019usage qui en est fait. Seul le visiteur sera, le cas \u00e9ch\u00e9ant, redevable de droits d\u2019auteur au profit du tiers demandeur.<\/p>\n<p>Si le visiteur estime qu\u2019un ou plusieurs \u00e9l\u00e9ment(s) repris sur le site Internet <span><a href=\"http:\/\/www.laurenceseghin.com\/\">http:\/\/www.laurenceseghin.com<\/a><\/span> est (sont) en contradiction avec ses propres droits intellectuels, il est invit\u00e9 \u00e0 prendre contact avec Laurence Seghin, propri\u00e9taire du site Internet, par e-mail \u00e0 <span><a href=\"mailto:contact@laurenceseghin.com\">contact@laurenceseghin.com<\/a><\/span> en expliquant de mani\u00e8re pr\u00e9cise le litige.<\/p>\n<p>Un contact sera pris avec le visiteur sans d\u00e9lai pour r\u00e9soudre le litige.<\/p>\n<h2>Responsabilit\u00e9<\/h2>\n<p>Le site Internet <span><a href=\"http:\/\/www.laurenceseghin.com\/\">http:\/\/www.laurenceseghin.com\/<\/a><\/span> a \u00e9t\u00e9 r\u00e9alis\u00e9 de la mani\u00e8re la plus consciencieuse possible. Le site est destin\u00e9 \u00e0 pr\u00e9senter l\u2019activit\u00e9 de consultance, de formation, de coaching, d\u2019animation, de facilitation, d\u2019organisation de tout type d\u2019\u00e9v\u00e8nements, de commercialiser des articles dans le domaine d\u2019\u00e9v\u00e8nementiels par th\u00e8me, \u00e0 en donner une visibilit\u00e9, \u00e0 permettre au visiteur de contacter Laurence Seghin ainsi que, le cas \u00e9ch\u00e9ant, \u00e0 proc\u00e9der \u00e0 des achats en ligne \u00e0 titre non-contraignant.<\/p>\n<p>Les informations reprises sont susceptibles d\u2019\u00e9voluer. Le visiteur est, par cons\u00e9quent, invit\u00e9 \u00e0 v\u00e9rifier les informations en sa possession pr\u00e9alablement au contact pris. En aucun cas, Laurence Seghin n\u2019est li\u00e9e contractuellement par une information mise \u00e0 disposition sur le site Internet.<span style=\"font-size: 14px;\">\u00a0<\/span><\/p>\n<p>Laurence Seghin ne pourra, en aucun cas, \u00eatre tenue responsable des dommages tant direct qu\u2019indirect, de quelque nature que ce soit qui pourrait \u00eatre caus\u00e9 par la consultation ou l\u2019utilisation des donn\u00e9es reprises sur le site Internet <span><a href=\"http:\/\/www.laurenceseghin.com\/\">http:\/\/www.laurenceseghin.com\/<\/a><\/span>.<span style=\"font-size: 14px;\">\u00a0<\/span><\/p>\n<p>En outre, Laurence Seghin ne peut \u00eatre tenue responsable des lenteurs \u00e9ventuelles ou interruptions survenant au cours de l\u2019utilisation du site Internet.<\/p>\n<h2>Hyperliens<\/h2>\n<p><span><a href=\"http:\/\/www.laurenceseghin.com\/\">http:\/\/www.laurenceseghin.com\/<\/a> <\/span>peut contenir des liens hypertextes vers d&rsquo;autres sites Internet, vers des r\u00e9seaux sociaux ainsi que des renvois \u00e0 d&rsquo;autres sources d&rsquo;information. Ces liens et sources d&rsquo;information sont mis \u00e0 disposition du visiteur uniquement \u00e0 titre informatif. Ils n\u2019impliquent aucune relation de quelque nature que ce soit entre Laurence Seghin et le site Internet ou le r\u00e9seau social de renvoi. Laurence Seghin ne contr\u00f4le en aucun cas leur contenu et ne prend, par cons\u00e9quent, aucune responsabilit\u00e9 quant aux informations qui y sont reprises et ce, pour un dommage de quelque nature que ce soit qui surviendrait suite \u00e0 ces informations.<\/p>\n<p>Si le visiteur souhaite, pour quelque raison que ce soit, cr\u00e9er, \u00e0 partir d\u2019un site tiers, un lien vers le site Internet <span><a href=\"http:\/\/www.laurenceseghin.com\/\">http:\/\/www.laurenceseghin.com\/<\/a><\/span>, il est tenu d\u2019en informer pr\u00e9alablement Laurence Seghin. L\u2019information peut \u00eatre adress\u00e9e par e-mail, \u00e0 l\u2019adresse suivante\u00a0:\u00a0<span><a href=\"mailto:contact@laurenceseghin.com\">contact@laurenceseghin.com<\/a><\/span>. <span>\u00a0<\/span><\/p>\n<p>Le cas \u00e9ch\u00e9ant, Laurence Seghin ne sera aucunement responsable directement ou indirectement, du contenu des sites tiers faisant usage d\u2019un lien vers le site <span><a href=\"http:\/\/www.laurenceseghin.com\/\">http:\/\/www.laurenceseghin.com\/<\/a><\/span> et ce, m\u00eame s\u2019il est inform\u00e9 de la cr\u00e9ation et de l\u2019existence du lien.<\/p>\n<h2>S\u00e9curit\u00e9 du site Internet<\/h2>\n<p>Laurence Seghin met tout en \u0153uvre pour garantir la s\u00e9curit\u00e9 du site Internet (notamment contre les virus ou autres d\u00e9lits informatiques). Des mesures r\u00e9guli\u00e8res sont prises en vue d\u2019y satisfaire. Le cas \u00e9ch\u00e9ant, en cas de probl\u00e8me de s\u00e9curit\u00e9 li\u00e9 \u00e0 l\u2019utilisation du site Internet, le visiteur est invit\u00e9 \u00e0 informer Laurence Seghin du probl\u00e8me. Laurence Seghin mettra tout en \u0153uvre pour r\u00e9soudre le probl\u00e8me pos\u00e9 imm\u00e9diatement ou \u00e0 d\u00e9faut d\u2019\u00eatre imm\u00e9diatement possible, dans un d\u00e9lai raisonnable.<\/p>\n<h2>Cookies<\/h2>\n<p>Lors de sa premi\u00e8re connexion sur le site <span><a href=\"http:\/\/www.laurenceseghin.com\/\">http:\/\/www.laurenceseghin.com\/<\/a><\/span><span>, <\/span>le visiteur est averti que des informations relatives \u00e0 la navigation sont susceptibles d\u2019\u00eatre enregistr\u00e9es dans des fichiers d\u00e9nomm\u00e9s \u00ab cookies \u00bb.<\/p>\n<p>Un cookie est une pi\u00e8ce d\u2019information invisible sauvegard\u00e9e web au sein du navigateur Internet de l\u2019ordinateur. Ce \u00ab cookie \u00bb peut \u00eatre r\u00e9cup\u00e9r\u00e9 lors d\u2019une visite ult\u00e9rieure sur ce m\u00eame site.<\/p>\n<p>Le \u00ab cookie \u00bb ne peut \u00eatre lu par un autre site que celui qui l\u2019a cr\u00e9\u00e9. La plupart des \u00ab cookies \u00bb ne fonctionnent que le temps d\u2019une session ou visite. Aucune de ces informations ne fait l\u2019objet d\u2019une communication aupr\u00e8s de tiers sauf lorsque Laurence Seghin a obtenu au pr\u00e9alable le consentement du visiteur ou bien lorsque la divulgation de ces informations est requise par la loi, sur ordre d\u2019un tribunal ou toute autorit\u00e9 administrative ou judiciaire habilit\u00e9e \u00e0 en prendre connaissance.<span style=\"font-size: 14px;\">\u00a0<\/span><\/p>\n<p>Cet usage est effectu\u00e9 par Laurence Seghin en vue de faciliter la navigation sur le site Internet.<\/p>\n<p>Certains cookies sont dispens\u00e9s du recueil pr\u00e9alable du consentement du visiteur dans la mesure o\u00f9 ils sont strictement n\u00e9cessaires au fonctionnement du site Internet ou ont pour finalit\u00e9 exclusive de permettre ou faciliter la communication par voie \u00e9lectronique. Il s\u2019agit notamment des cookies d\u2019identifiant de session, d\u2019authentification ainsi que des cookies de personnalisation de l\u2019interface.<span style=\"font-size: 14px;\">\u00a0<\/span><\/p>\n<p>D\u2019autres cookies, \u00e9mis par des tiers, sont qualifi\u00e9s de \u00ab\u00a0persistants\u00a0\u00bb. Ceux-ci demeurent dans le terminal du visiteur jusqu\u2019\u00e0 leur effacement ou leur date d\u2019expiration.<\/p>\n<p>De tels cookies \u00e9tant \u00e9mis par des tiers, leur utilisation et leur d\u00e9p\u00f4t sont soumis \u00e0 leurs propres politiques de confidentialit\u00e9 dont les liens sont repris ci-dessous. Cette famille de cookie regroupe les cookies de mesure d\u2019audience, les cookies publicitaires (auxquels Laurence Seghin n\u2019a pas recours) ainsi que les cookies de partage de r\u00e9seaux sociaux (notamment de Facebook, Instagram, Pinterest).<span style=\"font-size: 14px;\">\u00a0<\/span><\/p>\n<p>Les cookies de mesure d\u2019audience \u00e9tablissent des statistiques concernant la fr\u00e9quentation et l\u2019utilisation de divers \u00e9l\u00e9ments du site Internet (comme les contenus\/pages visit\u00e9es). Ces donn\u00e9es participent \u00e0 l\u2019am\u00e9lioration de l\u2019ergonomie du site Internet\u00a0<span><a href=\"http:\/\/www.laurenceseghin.com\/\">http:\/\/www.laurenceseghin.com\/<\/a><\/span>.<span style=\"font-size: 14px;\">\u00a0<\/span><\/p>\n<p>Les cookies de partage des r\u00e9seaux sociaux sont \u00e9mis et g\u00e9r\u00e9s par l\u2019\u00e9diteur du r\u00e9seau social concern\u00e9.<\/p>\n<p>Sous r\u00e9serve du consentement du visiteur, ces cookies permettent de partager facilement une partie du contenu publi\u00e9 sur le site Internet <span><a href=\"http:\/\/www.laurenceseghin.com\/\">http:\/\/www.laurenceseghin.com\/<\/a><\/span>, notamment par l\u2019interm\u00e9diaire d\u2019un \u00ab bouton \u00bb applicatif de partage selon le r\u00e9seau social concern\u00e9.<\/p>\n<p>Cinq types de cookies de partage des r\u00e9seaux sociaux est pr\u00e9sent sur le site <span><a href=\"http:\/\/www.laurenceseghin.com\/\">http:\/\/www.laurenceseghin.com\/<\/a><\/span> <span>:<\/span><\/p>\n<ul>\n<li><strong><span>Facebook<\/span><\/strong><span>, dont la politique en mati\u00e8re de cookies est consultable en cliquant sur le lien suivant : <\/span><span><a href=\"https:\/\/fr-fr.facebook.com\/policies\/cookies\/\">https:\/\/fr-fr.facebook.com\/policies\/cookies\/<\/a><\/span><\/li>\n<li><strong><span>LinkedIn<\/span><\/strong><span>, dont la politique en mati\u00e8re de cookies est consultable en cliquant sur le lien suivant : <\/span><span><a href=\"https:\/\/www.linkedin.com\/legal\/cookie-policy\">https:\/\/www.linkedin.com\/legal\/cookie-policy<\/a><\/span><\/li>\n<li><strong><span>Instagram<\/span><\/strong><span>, dont les options d\u00e9di\u00e9es au contr\u00f4le ou \u00e0 la restriction de l\u2019utilisation des cookies ainsi que la politique d\u2019utilisation des cookies sont consultables via le lien suivant\u00a0: <\/span><span><a href=\"https:\/\/help.instagram.com\/1896641480634370?ref=ig\">https:\/\/help.instagram.com\/1896641480634370?ref=ig<\/a><\/span><\/li>\n<li><strong><span>You Tube<\/span><\/strong><span>, dont les options d\u00e9di\u00e9es au contr\u00f4le ou \u00e0 la restriction de l\u2019utilisation des cookies ainsi que la politique d\u2019utilisation des cookies sont consultables via le lien suivant\u00a0: <\/span><span><a href=\"https:\/\/policies.google.com\/technologies\/types?hl=fr&amp;gl=fr\">https:\/\/policies.google.com\/technologies\/types?hl=fr&amp;gl=fr<\/a><\/span><\/li>\n<li><strong><span>Google +,<\/span><\/strong><span> dont les options d\u00e9di\u00e9es au contr\u00f4le ou \u00e0 la restriction de l\u2019utilisation des cookies ainsi que la politique d\u2019utilisation des cookies sont consultables via le lien suivant\u00a0: <\/span><span><a href=\"https:\/\/support.google.com\/accounts\/answer\/61416?co=GENIE.Platform%3DDesktop&amp;hl=fr\">https:\/\/support.google.com\/accounts\/answer\/61416?co=GENIE.Platform%3DDesktop&amp;hl=fr<\/a><\/span><\/li>\n<\/ul>\n<p>La plupart des navigateurs Internet sont configur\u00e9s par d\u00e9faut de fa\u00e7on \u00e0 ce que le d\u00e9p\u00f4t de cookies soit autoris\u00e9. Le navigateur utilis\u00e9 par le visiteur permet de modifier les param\u00e8tres standards de mani\u00e8re \u00e0 ce que l\u2019ensemble des cookies soit rejet\u00e9 syst\u00e9matiquement ou bien \u00e0 ce qu\u2019une partie seulement des cookies soit accept\u00e9e ou refus\u00e9e en fonction de leur \u00e9metteur.<\/p>\n<p>Le fait de refuser le d\u00e9p\u00f4t de cookies est cependant susceptible d\u2019alt\u00e9rer l\u2019exp\u00e9rience du visiteur ainsi que son acc\u00e8s \u00e0 certains services ou fonctionnalit\u00e9s le site Internet.<span style=\"font-size: 14px;\">\u00a0<\/span><\/p>\n<p>Le cas \u00e9ch\u00e9ant, Laurence Seghin d\u00e9cline toute responsabilit\u00e9 concernant les cons\u00e9quences li\u00e9es \u00e0 la d\u00e9gradation des conditions de navigation qui interviennent en raison du refus, de la suppression ou du blocage des cookies n\u00e9cessaires au fonctionnement le site Internet. Ces cons\u00e9quences ne sauraient constituer un dommage et aucune indemnit\u00e9 ne peut \u00eatre exig\u00e9e par ce fait.<\/p>\n<p>Chaque navigateur Internet propose ses propres param\u00e8tres de gestion des cookies. Pour prendre connaissance de la mani\u00e8re de modifier les pr\u00e9f\u00e9rences en mati\u00e8re de cookies, les liens repris ci-dessous permettent au visiteur une aide en la mati\u00e8re.<\/p>\n<ul>\n<li><strong>Chrome<\/strong> : <span><a href=\"https:\/\/support.google.com\/chrome\/answer\/95647?hl=fr\">https:\/\/support.google.com\/chrome\/answer\/95647?hl=fr<\/a><\/span><\/li>\n<li><strong>Firefox<\/strong> : <span><a href=\"https:\/\/support.mozilla.org\/fr\/kb\/activer-desactiver-cookies-preferences\">https:\/\/support.mozilla.org\/fr\/kb\/activer-desactiver-cookies-preferences<\/a><\/span><\/li>\n<li><strong>Internet Explorer<\/strong> : <span><a href=\"https:\/\/support.microsoft.com\/fr-be\/help\/17442\/windows-internet-explorer-delete-manage-cookies\">https:\/\/support.microsoft.com\/fr-be\/help\/17442\/windows-Internet-explorer-delete-manage-cookies<\/a><\/span><\/li>\n<li><strong>Safari<\/strong> : <span><a href=\"https:\/\/support.apple.com\/kb\/ph21411?locale=fr_CA\">https:\/\/support.apple.com\/kb\/ph21411?locale=fr_CA<\/a><\/span><\/li>\n<\/ul>\n<h2>Disposition finale<\/h2>\n<p>La nullit\u00e9 d\u2019un article n\u2019entra\u00eene pas la nullit\u00e9 totale du pr\u00e9sent disclaimer. La nullit\u00e9 d\u2019une clause entra\u00eenera le remplacement de cette derni\u00e8re par une clause valable allant dans le m\u00eame sens. Le cas \u00e9ch\u00e9ant, Laurence Seghin proc\u00e9dera au remplacement de la clause en ins\u00e9rant une clause produisant le m\u00eame effet.<\/p>\n<p>[\/et_pb_text][\/et_pb_column][\/et_pb_row][\/et_pb_section]<\/p>\n","protected":false},"excerpt":{"rendered":"<p>[et_pb_section fb_built=\u00a0\u00bb1&Prime; _builder_version=\u00a0\u00bb4.4.7&Prime;][et_pb_row _builder_version=\u00a0\u00bb4.4.7&Prime;][et_pb_column _builder_version=\u00a0\u00bb4.4.7&Prime; type=\u00a0\u00bb4_4&Prime;][et_pb_text _builder_version=\u00a0\u00bb4.4.7&Prime; hover_enabled=\u00a0\u00bb0&Prime;] \u00a0\u00a0\u00a0\u00a0\u00a0\u00a0\u00a0\u00a0\u00a0\u00a0\u00a0\u00a0\u00a0\u00a0\u00a0\u00a0\u00a0 \u00a0\u00a0\u00a0\u00a0\u00a0\u00a0\u00a0\u00a0\u00a0\u00a0\u00a0\u00a0\u00a0\u00a0\u00a0\u00a0\u00a0\u00a0\u00a0\u00a0\u00a0\u00a0\u00a0\u00a0\u00a0\u00a0\u00a0\u00a0\u00a0 DISCLAIMER Notice l\u00e9gale En acc\u00e9dant et en parcourant le site Internet de Laurence Seghin : http:\/\/www.laurenceseghin.com, le visiteur accepte, sans r\u00e9serve, la pr\u00e9sente notice l\u00e9gale. Cette notice peut \u00eatre modifi\u00e9e, \u00e0 tout moment, par simple publication sur le site Internet pr\u00e9cit\u00e9 d\u2019une nouvelle notice, et [&hellip;]<\/p>\n","protected":false},"author":1,"featured_media":0,"parent":0,"menu_order":0,"comment_status":"closed","ping_status":"closed","template":"","meta":{"_et_pb_use_builder":"on","_et_pb_old_content":"","_et_gb_content_width":""},"_links":{"self":[{"href":"https:\/\/laurenceseghin.com\/index.php\/wp-json\/wp\/v2\/pages\/820"}],"collection":[{"href":"https:\/\/laurenceseghin.com\/index.php\/wp-json\/wp\/v2\/pages"}],"about":[{"href":"https:\/\/laurenceseghin.com\/index.php\/wp-json\/wp\/v2\/types\/page"}],"author":[{"embeddable":true,"href":"https:\/\/laurenceseghin.com\/index.php\/wp-json\/wp\/v2\/users\/1"}],"replies":[{"embeddable":true,"href":"https:\/\/laurenceseghin.com\/index.php\/wp-json\/wp\/v2\/comments?post=820"}],"version-history":[{"count":4,"href":"https:\/\/laurenceseghin.com\/index.php\/wp-json\/wp\/v2\/pages\/820\/revisions"}],"predecessor-version":[{"id":827,"href":"https:\/\/laurenceseghin.com\/index.php\/wp-json\/wp\/v2\/pages\/820\/revisions\/827"}],"wp:attachment":[{"href":"https:\/\/laurenceseghin.com\/index.php\/wp-json\/wp\/v2\/media?parent=820"}],"curies":[{"name":"wp","href":"https:\/\/api.w.org\/{rel}","templated":true}]}}